undreds digit of 1795173428?
4
What is the billions digit of 7689996168?
7
What is the ten millions digit of 16240578?
1
What is the millions digit of 467971060?
7
What is the hundred thousands digit of 50865782?
8
What is the thousands digit of 130308683?
8
What is the thousands digit of 90525175?
5
What is the millions digit of 233850400?
3
What is the ten millions digit of 128503691?
2
What is the hundred thousands digit of 16375476?
3
What is the hundred millions digit of 233470898?
2
What is the thousands digit of 2864711974?
1
What is the thousands digit of 42845587?
5
What is the hundred thousands digit of 4825296452?
2
What is the units digit of 223569174?
4
What is the hundred thousands digit of 1262666804?
6
What is the hundred millions digit of 272457757?
2
What is the millions digit of 452455903?
2
What is the tens digit of 955657177?
7
What is the units digit of 497958229?
9
What is the thousands digit of 1525562623?
2
What is the thousands digit of 187598537?
8
What is the hundred thousands digit of 28268993?
2
What is the thousands digit of 629304501?
4
What is the units digit of 118513742?
2
What is the hundred thousands digit of 41704347?
7
What is the thousands digit of 371627860?
7
What is the tens digit of 220212881?
8
What is the hundreds digit of 6381398470?
4
What is the hundred millions digit of 110337944?
1
What is the hundred thousands digit of 28402468?
4
What is the ten millions digit of 98008144?
9
What is the tens digit of 3412987017?
1
What is the hundred millions digit of 173629992?
1
What is the millions digit of 396748969?
6
What is the units digit of 294231709?
9
What is the ten thousands digit of 4210646?
1
What is the tens digit of 8489917588?
8
What is the millions digit of 228218561?
8
What is the units digit of 157777920?
0
What is the ten millions digit of 769573439?
6
What is the ten millions digit of 245100050?
4
What is the billions digit of 3757456598?
3
What is the ten thousands digit of 68583428?
8
What is the ten thousands digit of 7343236804?
3
What is the ten thousands digit of 267597393?
9
What is the hundreds digit of 121008882?
8
What is the units digit of 32446740?
0
What is the ten millions digit of 610935586?
1
What is the hundred thousands digit of 1215398995?
3
What is the hundreds digit of 5554242213?
2
What is the hundred thousands digit of 396566380?
5
What is the tens digit of 38188597?
9
What is the hundred millions digit of 501329879?
5
What is the hundred millions digit of 195375040?
1
What is the hundred millions digit of 109139170?
1
What is the hundreds digit of 7090072?
0
What is the millions digit of 1724014116?
4
What is the thousands digit of 102611455?
1
What is the ten millions digit of 806488655?
0
What is the units digit of 1734843684?
4
What is the hundreds digit of 68099389?
3
What is the units digit of 32184450?
0
What is the tens digit of 753061445?
4
What is the ten millions digit of 35899391?
3
What is the ten millions digit of 71714091?
7
What is the units digit of 82362571?
1
What is the tens digit of 121011298?
9
What is the units digit of 143952121?
1
What is the ten thousands digit of 7803066?
0
What is the thousands digit of 153349558?
9
What is the ten millions digit of 2446208638?
4
What is the thousands digit of 330760222?
0
What is the hundred thousands digit of 48806013?
8
What is the units digit of 463876394?
4
What is the hundreds digit of 108501061?
0
What is the ten thousands digit of 2541750308?
5
What is the tens digit of 13199353?
5
What is the ten thousands digit of 1595756460?
5
What is the tens digit of 67279162?
6
What is the hundred thousands digit of 43876231?
8
What is the ten thousands digit of 33637048?
3
What is the millions digit of 128829772?
8
What is the units digit of 246743214?
4
What is the hundreds digit of 535711398?
3
What is the hundred millions digit of 103844790?
1
What is the millions digit of 2105144034?
5
What is the ten thousands digit of 115025814?
2
What is the hundreds digit of 103661526?
5
What is the units digit of 29581699?
9
What is the hundred millions digit of 178282775?
1
What is the millions digit of 24657001?
4
What is the units digit of 20648054?
4
What is the units digit of 19301989?
9
What is the ten millions digit of 2292266085?
9
What is the tens digit of 12871788?
8
What is the ten thousands digit of 33610535?
1
What is the tens digit of 150253759?
5
What is the hundreds digit of 260310701?
7
What is the billions digit of 1044357753?
1
What is the hundreds digit of 174033223?
2
What is the ten millions digit of 2895279157?
9
What is the ten millions digit of 3739413393?
3
What is the units digit of 6861347?
7
What is the hundred millions digit of 145213559?
1
What is the hundreds digit of 28708467?
4
What is the billions digit of 2172809762?
2
What is the tens digit of 4047556737?
3
What is the hundreds digit of 8925635?
6
What is the hundred thousands digit of 233961045?
9
What is the hundred millions digit of 3615174303?
6
What is the hundreds digit of 2960761753?
7
What is the tens digit of 21654054?
5
What is the ten thousands digit of 444734778?
3
What is the tens digit of 20557415?
1
What is the hundred thousands digit of 4077342441?
3
What is the ten thousands digit of 1615845107?
4
What is the millions digit of 17746014?
7
What is the ten millions digit of 989543247?
8
What is the thousands digit of 36896863?
6
What is the thousands digit of 3469073705?
3
What is the hundred thousands digit of 675648616?
6
What is the tens digit of 2068610492?
9
What is the hundred thousands digit of 956877473?
8
What is the hundreds digit of 54466597?
5
What is the millions digit of 2892618?
2
What is the thousands digit of 66652353?
2
What is the hundreds digit of 93062123?
1
What is the hundreds digit of 2180542997?
9
What is the hundred thousands digit of 41360625?
3
What is the units digit of 740479598?
8
What is the ten millions digit of 180597529?
8
What is the ten millions digit of 381673197?
8
What is the hundred millions digit of 226294353?
2
What is the ten thousands digit of 340034825?
3
What is the ten thousands digit of 252432041?
3
What is the thousands digit of 168251974?
1
What is the ten millions digit of 1857622220?
5
What is the ten thousands digit of 169406668?
0
What is the tens digit of 369093119?
1
What is the ten millions digit of 47673407?
4
What is the hundred thousands digit of 3312425304?
4
What is the hundred thousands digit of 96976670?
9
What is the thousands digit of 386689147?
9
What is the units digit of 87658563?
3
What is the tens digit of 257364737?
3
What is the thousands digit of 69017344?
7
What is the hundreds digit of 3014595673?
6
What is the thousands digit of 544309204?
9
What is the units digit of 920048990?
0
What is the tens digit of 36391694?
9
What is the millions digit of 388560216?
8
What is the billions digit of 2876451571?
2
What is the tens digit of 230214726?
2
What is the millions digit of 1511590056?
1
What is the units digit of 359858064?
4
What is the hundreds digit of 204504610?
6
What is the thousands digit of 49552574?
2
What is the ten thousands digit of 40015352?
1
What is the ten millions digit of 2886939794?
8
What is the ten millions digit of 713551524?
1
What is the thousands digit of 62705055?
5
What is the hundred thousands digit of 32794041?
7
What is the hundreds digit of 43352987?
9
What is the hundred thousands digit of 75705753?
7
What is the hundred thousands digit of 1094354954?
3
What is the ten thousands digit of 32598421?
9
What is the thousands digit of 724814742?
4
What is the ten thousands digit of 20167784?
6
What is the tens digit of 922312191?
9
What is the thousands digit of 940492261?
2
What is the hundred thousands digit of 3000036328?
0
What is the thousands digit of 1475282939?
2
What is the millions digit of 645098927?
5
What is the ten thousands digit of 26523842?
2
What is the hundreds digit of 418944429?
4
What is the hundreds digit of 83934529?
5
What is the tens digit of 3522034570?
7
What is the units digit of 140265010?
0
What is the tens digit of 47158819?
1
What is the hundred thousands digit of 7663383?
6
What is the tens digit of 2191954827?
2
What is the millions digit of 5659143393?
9
What is the mil